y - 4*j - 81, -5*j = -4*y + 11 + 96. What is the remainder when 66 is divided by y?
20
Suppose -799 = -5*j + 2*t + 82, -2*j = t - 347. What is the remainder when j is divided by 59?
57
Let p(f) = 16*f + 134. What is the remainder when p(3) is divided by 2?
0
Let j = 35 - 16. Let h be (-183)/(-27) - ((-16)/18)/4. Let y = h + 0. What is the remainder when j is divided by y?
5
Let s = -2 + 20. Suppose 0 = n + 2*n + s. Calculate the remainder when 34 is divided by (-11 + 2)/(6/n).
7
Suppose 0 = -9*g + 12*g - 5*t - 26, 3*g - 3*t = 24. Let h = 15 + 8. What is the remainder when h is divided by g?
2
Suppose -142 = -3*x - 16. Calculate the remainder when 64 is divided by x.
22
Let y be 5/(20/6)*2. Let b(q) = -7*q**y + q - 2 + q**2 + 3 + 0*q**3 - 11*q**3. Calculate the remainder when 54 is divided by b(-1).
16
Let y(a) = -11*a + 133. Calculate the remainder when 108 is divided by y(8).
18
Suppose 47 = 5*y + q - 24, -y + 19 = 5*q. What is the remainder when y is divided by -9*1/(-18) + 13/2?
0
Suppose -4*c = s - 33, 22 = 4*c + 4*s - 14. Let u be -2 + 5 + -2 + 1. Let v(k) = 4*k**3 - 2*k**2 - 2*k + 1. What is the remainder when v(u) is divided by c?
5
Let g(y) be the first derivative of -y**3/3 + 5*y**2 + 3*y - 1. Suppose 21 = 2*c + 5. Calculate the remainder when 74 is divided by g(c).
17
Let f(s) = s**2 + 23*s + 38. Let y be f(-20). What is the remainder when 103 is divided by (-6)/(-33) - 458/y?
19
Let d = 206 + -119. Let j = -1461 - -1471. Calculate the remainder when d is divided by j.
7
Let x = -11 + 1. Let q = 12 - x. Calculate the remainder when q is divided by 5.
2
Suppose -5*i - 15 = -4*p - p, 5*p - 15 = 4*i. What is the remainder when (-8)/(-2) - i/(-3) is divided by 2?
0
Let y = -452 + 470. Calculate the remainder when (-2)/(-2) + 49 + 2 is divided by y.
16
Suppose 4*y - 185 = -5*g + 3*y, 0 = -5*y - 25. What is the remainder when 301 is divided by g?
35
Suppose 8*p - 474 = 2*p. Suppose -2*o = -o - p. Let h = 41 - 14. Calculate the remainder when o is divided by h.
25
Let m = -51 - -55. Suppose m*p - d = 374, -4*p - 3*d + 38 + 328 = 0. What is the remainder when p is divided by 16?
13
Let c(h) = h**3 - 22*h**2 + 5*h - 38. Calculate the remainder when 146 is divided by c(22).
2
Let h(g) = g**2 + 13*g - 14. Calculate the remainder when 621 is divided by h(-15).
13
Suppose -n = -0*n - 2. Suppose -w + 5*f - 1 = -3, n*f - 10 = 4*w. Let b(r) = -r**3 - 4*r - 2. What is the remainder when b(w) is divided by 10?
7
Let d(p) = p**2 - 25*p + 54. Let b be d(22). Calculate the remainder when -2*b/(-6) + (2 - -42) is divided by 23.
17
Suppose 4*b = 3*y - 30, y + 5*b + 7 = -2. Let o be -2*15/12*-2. Suppose -2*h - 4*c = -2*c - 54, -c - 105 = -o*h. What is the remainder when h is divided by y?
4
Suppose 0 = -2*i - 8*i + 200. Suppose c + i - 41 = 0. Calculate the remainder when c is divided by 12.
9
Suppose -2*z + 6 = 18. Calculate the remainder when (44/14)/(3/21) is divided by z/(1 - 7/4).
6
Suppose 78 - 3 = 3*q. Suppose -21*c + 18*c = -30. What is the remainder when 976/10 + c/25 is divided by q?
23
Suppose 132*z = 117*z + 810. Calculate the remainder when 1835 is divided by z.
53
Suppose -2*p + 3*r - 8*r = -4, -2*p = 3*r - 8. Calculate the remainder when 34 is divided by p.
6
Let q = 56 + -59. What is the remainder when 34 is divided by (10 + q)/1 - -2?
7
Let l be 3/(2/(-156)*-9). Suppose -2*v + 4*q + l = 0, -3*v - 4*q = -2*v - 13. What is the remainder when 36 is divided by v?
10
Let j be 5/(25/36)*5. Let g be 465/93*(-4)/5. Let i = j + g. What is the remainder when 126 is divided by i?
30
Suppose -4*a = 4, -4*t = -2*a - a - 15. Suppose 57 = t*d - 3*k, -20 + 112 = 4*d + 4*k. Calculate the remainder when 57 is divided by d.
15
Suppose 0 = 6*r - 6177 + 1515. Suppose 0*g - 7*g = -r. Suppose 0*f = -5*f + 140. What is the remainder when g is divided by f?
27
Let y = -15 - -37. Suppose 4*a + 19 = -2*f - f, -26 = 4*f + 5*a. Let l = f - -21. What is the remainder when y is divided by l?
10
Let z = 11 - -2. Let b = 24 - z. Suppose -46 = -v - 3*i, 3*i = -4*v + 209 + b. Calculate the remainder when v is divided by 15.
13
Let c = 80 - 6. Suppose 5*g - 3*g = c. Let n = 65 - 57. Calculate the remainder when g is divided by n.
5
Let i = -74 + 105. Suppose -12*g = 61 - 289. What is the remainder when i is divided by g?
12
Suppose 22 - 360 = -13*o. Calculate the remainder when 44 is divided by o.
18
Suppose -i = 3*i - 116. Suppose -456 = -0*c + 6*c. What is the remainder when 3/(-2)*6*c/6 is divided by i?
27
Suppose 5*m - 109 = -4*k - 21, -104 = -4*k - m. Suppose -40 + k = -d. Calculate the remainder when d is divided by 5.
3
Let y be -1*(-2 - 5)*4. Suppose y = 3*u - u. Let p(n) = -38*n**3 + n**2 + 2*n + 2. What is the remainder when p(-1) is divided by u?
11
Let x(f) = -2*f**2 - 25*f - 73. Let j = 4 - 2. Calculate the remainder when x(-5) is divided by j.
0
Let c(s) = -44*s + 852. What is the remainder when (-1 - -3)/(10/395) is divided by c(19)?
15
Let s(z) = z**3 - 40*z**2 + 230*z + 45. Suppose 5*r + 273 - 1543 = 0. Suppose -r + 29 = -5*i. What is the remainder when i is divided by s(33)?
9
Let m(i) = i**3 - 12*i + 1. Calculate the remainder when 328 is divided by m(-3).
8
Suppose -4*b + 5*j - 3*j + 26 = 0, b + 4*j = 2. What is the remainder when 1467 is divided by b?
3
Let b be -1 + 2/(((-15)/9)/(-5)). Suppose -4*g - 4*l + 216 = 0, -l = b - 1. Calculate the remainder when g is divided by 31.
27
Let t = -393 + 409. Calculate the remainder when 31 is divided by t.
15
Let v = -381 - -466. What is the remainder when 89 is divided by v?
4
Suppose 3*r = -4*p - 13, -4*p - 3*r - 3 = 2*r. Let a = p + 24. What is the remainder when 84 is divided by a?
16
Suppose -c = -a + 20, 3*a = 2*c - 0*c + 55. Calculate the remainder when 39 is divided by a.
9
Let i(x) = 4*x - 9. Suppose 8*g + 5*u = 9*g - 9, 5*u = -g - 1. Suppose -q + 5*h = -28, -g*h = -q + 3*q. Calculate the remainder when i(6) is divided by q.
7
Let n = -376 + 396. Calculate the remainder when 26 is divided by n.
6
Let n = 33 - 21. Let b = n + -5. Suppose -45*v + 52*v - 140 = 0. What is the remainder when v is divided by b?
6
What is the remainder when (4 - -1)/(255/14178) is divided by 28?
26
Suppose -3*w + 15 = -3*q, -2*w - 5*q + 4 = -4*q. What is the remainder when w is divided by (2 - (-25)/(-10))*(-2)/1?
0
Let f(y) = 3*y - y + 0 - 2 + 3*y. Calculate the remainder when 22 is divided by f(3).
9
Let f(x) = x. Let a be f(16). Calculate the remainder when (-36)/a*(-32)/12 is divided by 5.
1
Let q(w) = 5*w + 1. Let g be q(1). Let p(l) = 21*l + 11. Let i be p(g). Suppose -6*n = -i - 19. What is the remainder when 128 is divided by n?
24
Suppose 0*d - 18 = -6*d. Suppose t = d*t - 52. What is the remainder when t is divided by 15?
11
Let o = -338 + 525. Calculate the remainder when o is divided by 9.
7
Let t be (21/7)/((-6)/4). Let n = t - -8. Let b(y) = y**2 - y - 3. Calculate the remainder when n is divided by b(3).
0
Let g be (78/30 - 3) + (-32)/(-5). Suppose 0 = g*t - 72 - 156. What is the remainder when t is divided by 28?
10
Let c(i) = -20*i**2 + 101*i + 2. Let b(h) be the third derivative of h**5/60 + h**4/8 + 2*h**2. What is the remainder when b(3) is divided by c(5)?
4
Let u = -379 + 576. Suppose -u = c - 212. What is the remainder when c is divided by 9?
6
Let w(m) = 0*m**2 + 4 + m**2 - 2*m - 3*m. Let s(b) = -b**2 - 14*b + 22. Let y be s(-15). What is the remainder when 52 is divided by w(y)?
16
Let z = 65 - 69. Calculate the remainder when 22 is divided by z + 245/21 - 2/(-6).
6
Suppose -i - 3*u = 5, 3*u + 26 + 19 = 3*i. What is the remainder when 2/6 + 80/3 is divided by i?
7
Let u = -595 + 714. Calculate the remainder when u is divided by 31.
26
Let j = 7 + -8. Let r = j - -22. Calculate the remainder when 2/3 - (-343)/r is divided by 5.
2
Let d be ((-6)/9)/((-12)/126). Let p = 19 - d. Suppose p = -4*u + 64. What is the remainder when 36 is divided by u?
10
What is the remainder when (9/27)/(-1*(-1)/597) is divided by 40?
39
Let d be 2/4*-4 + 58. Suppose 3*u - 7*u = 3*i - d, 0 = u + 2*i - 9. What is the remainder when 3 - (-58)/4*2 is divided by u?
15
Suppose -55*g + 31424 = 9*g. Calculate the remainder when g is divided by 16.
11
Let g = 34 + -19. Let o = 36 - g. What is the remainder when 35 is divided by o?
